n factor of 20 and m?
10
Suppose 302*g + 1708 = 330*g. What is the greatest common divisor of g and 5?
1
Let u = 15 + 23. Let g(y) = -117*y**2 - 8*y + 17. Let b be g(3). Let t be (-7)/(98/b) - (-12)/42. What is the greatest common factor of t and u?
38
Let y be (-81)/(-189) - 5510/(-14). Let m = y - 335. What is the highest common divisor of 59 and m?
59
Let b be (84/(-10))/(6/16 + (-539)/1320). What is the greatest common divisor of b and 720?
36
Suppose -42*a = -1897 + 895 - 1182. Calculate the highest common divisor of 9932 and a.
52
Let v(a) be the third derivative of -a**5/60 - a**4/4 - 5*a**3/6 - 2*a**2 - 1. Let r be v(-2). Calculate the greatest common divisor of r and 237.
3
Let c be 4 + (-649)/(-11)*60. What is the greatest common factor of c and 16?
8
Let z(m) = 47*m + 2. Let r be z(3). Let n(l) = -2*l + 43. Let p = -11 + 26. Let s be n(p). Calculate the highest common factor of s and r.
13
Let u = 116 - 62. Let j(l) = -l**2 - 275*l + 1418. Let k be j(5). What is the highest common divisor of k and u?
18
Suppose -5*s - 99 + 283 = -7*p, 4*s - 56 = -2*p. Let t(v) = -20*v**3 + v**2 + 3*v + 2. Let b be t(-2). What is the greatest common divisor of s and b?
20
Suppose -5*s + 8*s + 2*l + 1178 = 0, 1570 = -4*s - 3*l. Let a = s + 602. What is the highest common factor of a and 91?
13
Let i be (323 - 273)*(-21)/(-5). What is the greatest common factor of i and 5130?
30
Suppose 0 = -727*u + 710*u + 612. Calculate the greatest common factor of 588 and u.
12
Let g(c) be the third derivative of 7*c**4/4 - 259*c**3/6 - 117*c**2. Let f be g(7). What is the highest common divisor of 805 and f?
35
Let i = 359 + -345. What is the highest common factor of 1302 and i?
14
Let p = -4768 + 4786. What is the highest common divisor of 2826 and p?
18
Let z(d) = 84*d + 58 + 47*d + 93*d - 61*d. Let a be z(1). Calculate the greatest common divisor of a and 13.
13
Let o(d) = 7*d**3 - d**2 + 4*d + 4. Let u be o(-1). Let t be (7 - 4 - 18/4)*u. Calculate the highest common divisor of t and 768.
12
Suppose w + 7 = 9. Let a(o) = -11*o - 2 - o - o**w + 1 - 9. Let n be a(-10). What is the highest common divisor of 4 and n?
2
Suppose -180*a = -181*a - 2. Let y be a/9 + ((-370)/(-9))/5. What is the greatest common divisor of y and 104?
8
Let t = 53 - 48. Suppose -t*k = -4*k - 168. What is the highest common factor of 42 and k?
42
Let x = -6326 + 12788. Calculate the greatest common factor of x and 18.
18
Suppose 0 = -6*k + 470 - 86. Calculate the greatest common factor of k and 688.
16
Let v be (-265)/(-6) + (-68)/408. What is the highest common factor of v and 12?
4
Let f = -10 - -19. Let y = 189 - -1979. Let n be y/36 - 2/f. What is the greatest common factor of n and 15?
15
Suppose -8*g = -25*g + 85. Let j(z) = 2*z**2 + z - 16. Let x be j(g). Calculate the greatest common factor of x and 156.
39
Let o = -456 - -741. Suppose 44*u - 778 + 12 + 106 = 0. Calculate the greatest common factor of u and o.
15
Let y be ((-20)/(-30))/((-1)/((-282)/4)). Let o(u) = y*u + 10 - u**2 + 49*u - 106*u. Let r be o(-10). Calculate the greatest common factor of r and 80.
10
Let d be -9*(-8)/72 + -4. Let u be 23/((-207)/(-1053))*(-8)/d. What is the highest common divisor of u and 24?
24
Suppose -4*w + 28 = 4*a, -2*w + 76 = -3*a + 27. Let b(t) = -12 - 42 - 6*t - 4*t + t**2. Let s be b(w). Calculate the greatest common divisor of s and 4.
2
Suppose -21*l + 29 + 98 = -230. Let a be -2 + 36 - (1 - 1). Calculate the highest common divisor of a and l.
17
Let i be (-6)/6*2 + 20. Suppose 15*o - 16*o + i = l, -14 = -l + o. Calculate the highest common divisor of l and 128.
16
Let o = 55 + -55. Suppose 0 = -4*p + 4*j - o*j - 308, -2*p - 3*j = 174. Let l be (0/1)/(-4 + 5) - p. Calculate the greatest common divisor of 54 and l.
27
Suppose 1643*a - 1585*a = 14616. Suppose -2*p + p + 4 = 0, -4*s - 4*p + 160 = 0. Calculate the greatest common divisor of s and a.
36
Let l be (-9)/((-54)/78) - -135 - -12. What is the highest common factor of l and 2620?
20
Let c(g) = g**3 + 2*g**2 + 7*g + 13. Let y be c(5). Let f = -146 + y. Calculate the highest common factor of f and 14.
7
Suppose 6*q + 9*q = 2424 + 111. What is the highest common factor of q and 104?
13
Let l be 783/78 - 17/442. What is the highest common divisor of 6770 and l?
10
Suppose 364*s - 11104 = 332*s. Calculate the greatest common factor of s and 1.
1
Let w(b) = b**2 - 14*b - 1627. Let g be w(48). Calculate the greatest common divisor of 69 and g.
1
Let g be (44/4 - 52)*-12. Calculate the highest common factor of g and 24.
12
Let t(h) = -87*h - 1376. Let p be t(-16). Let i = 10 - -18. What is the greatest common factor of p and i?
4
Let q(c) = -265*c - 281. Let s be q(-4). Let o = -739 + s. What is the highest common factor of o and 90?
10
Let b(o) = 119*o**2 - 3*o + 2. Let x be b(1). Let m = 160 - x. Let q(r) = -378*r**3 - r**2 - r. Let h be q(-1). What is the greatest common factor of h and m?
42
Let h(l) = 7*l**2 - 8*l - 58. Let v be h(-7). Let p be 155/15*(-1 - -4). What is the greatest common factor of p and v?
31
Let s be ((-28420)/174)/(1/((-12)/8)). What is the highest common divisor of 30 and s?
5
Let x = -39 + 67. Let z(y) = 4*y**2 - 252*y + 3036. Let u be z(16). What is the greatest common divisor of u and x?
28
Let r be ((-40)/(-12))/(-5) - (-26)/3. Suppose -r*o = -14*o + 90. What is the highest common factor of o and 105?
15
Let v = 1072 - 1604. Let y = -413 - v. Calculate the greatest common factor of 136 and y.
17
Let g = -40 + 128. Let r = g + -83. Suppose 3*o + 193 = r*c + 34, o = 4*c - 123. Calculate the greatest common divisor of 15 and c.
15
Suppose 3*n + 0*n = 4*g + 5, g = 1. Suppose l = n*l + 10. Let d(o) = o**3 + 9*o**2. Let k be d(l). What is the highest common divisor of k and 10?
10
Let z = -875 + 3934. Calculate the greatest common divisor of z and 266.
133
Suppose 4*x + 5*x = 36. Suppose -240 = -3*s + 4*c, x*s - 442 = 5*c - 123. Suppose -63*m + 57 = -60*m. What is the highest common factor of s and m?
19
Suppose 4*o - 124*x - 332 = -129*x, 5*x = -3*o + 254. Calculate the highest common factor of 19032 and o.
78
Let l(x) = 2*x**2 - 400*x - 3652. Let h be l(-9). Suppose 0 = -2*b - 5*a + 35, 2*a - 15 = 4*b - 49. Calculate the greatest common factor of b and h.
10
Let p(d) = -35*d - 40. Let n be p(-20). Let w be (29 + -28)/((-1)/33*-1). Calculate the greatest common factor of n and w.
33
Let c be 456/14*(-385)/(-11) + (5 - 1). Calculate the highest common divisor of 715 and c.
143
Let h be 22647/21 - (-184)/322. What is the highest common factor of 208 and h?
13
Let f be (-4)/(-18) - 907225/(-495). Calculate the highest common divisor of 39 and f.
39
Let v = -3195 - -3237. Let d be 58*1 - (17 - 15). What is the greatest common factor of v and d?
14
Suppose -74*w - 4 = -72*w. Let h be (-459)/w - 4/(-8). Suppose 0 = -x - 3*v + 37, -x + 5*x = -2*v + 178. Calculate the greatest common factor of h and x.
46
Suppose -205*w + 23940 = -91*w. Let q = 307 - 181. What is the greatest common factor of w and q?
42
Let i = -59 - -71. Let a be i/72 - (-1258)/12. Suppose -18 = -2*o - 4*s, -4*s - 13 + 1 = 0. Calculate the highest common factor of o and a.
15
Let o(l) = -107*l + 3*l**2 + 109*l - 2*l**2 - 1 + 0*l**2. Let w be o(-3). Suppose 9 = w*x + 3. What is the greatest common factor of 6 and x?
3
Suppose -p + 230 + 18 = 0. Let s = -161 + p. Let g(q) = -q**3 + 11*q**2 + 2*q + 7. Let j be g(11). Calculate the greatest common divisor of s and j.
29
Let a(y) = 48*y**2 + 15*y + 513. Let b(z) = -3*z**2 - z - 32. Let w(g) = -2*a(g) - 33*b(g). Let v be w(-5). What is the highest common divisor of 300 and v?
30
Let b be (16 - 5 - 10)/((-4)/(-3776)). Calculate the greatest common divisor of b and 826.
118
Let c = 22180 - 19297. What is the greatest common divisor of c and 3?
3
Suppose -11 = -5*r + 4*r. Let v be r + -2 + (-1 - -4). Suppose -14*p = -v*p - 40. What is the highest common factor of p and 50?
10
Let a be 184 + (-854)/(-105) + 2/(-15). What is the highest common divisor of 204 and a?
12
Suppose -5*k + 3*x + 40 = 0, k - 5*x + 4*x = 10. Let q be (-63)/((-1)/((1 - -4)/k)). Calculate the greatest common divisor of q and 14.
7
Let r be ((-4)/(-3))/(-2)*69. Suppose 20*m + 136 = -2*i + 15*m, 0 = 5*i - 3*m + 340. Let g = r - i. Calculate